y. What is the highest common divisor of g and a?
17
Suppose -z - 46 = -3*l, 2*l - 2*z = -0*z + 28. Let k(v) = -11*v - 87. Let n be k(-21). What is the highest common divisor of n and l?
16
Let x(y) = -2*y - 2. Let f be x(-3). Suppose f*w + 19 = 75. Suppose -11*v - 525 + 756 = 0. What is the greatest common factor of w and v?
7
Let l be (-5 + 2 - 2) + 7. Suppose 5*x = -o + 236, 2*x + l*o - 98 = -2*o. What is the greatest common factor of x and 188?
47
Suppose 0 = -3*s + 9*s - 36. Let r = -6 + s. Let m(i) = i**2 - 3*i + 10. Let p be m(r). Calculate the highest common factor of 10 and p.
10
Suppose 66*g - 318 = 13*g. What is the greatest common factor of g and 456?
6
Suppose 0 = -5*v + 2*u - 5*u + 40, 3*v + 3*u = 30. Suppose 0*q + c + 22 = 2*q, 2*c + 54 = 5*q. What is the greatest common divisor of q and v?
5
Let l = -28 + 26. Let u be 15*3/(l/(-2)). Calculate the greatest common factor of 5 and u.
5
Suppose 2566 = 4*s - 5*j, 5*s - 3*j + 153 - 3354 = 0. What is the highest common divisor of 18 and s?
9
Suppose -11*p + 992 = -1648. What is the greatest common factor of 30 and p?
30
Suppose 0 = 15*r - 2149 - 1091. Calculate the highest common factor of 144 and r.
72
Let k(u) = u**3 - 9*u**2 - 6*u - 14. Let q be k(10). What is the highest common factor of q and 39?
13
Let p = 68 + 11. Let l = 96 - p. Calculate the highest common factor of 136 and l.
17
Suppose 0*v - 3*v + w = -179, -w = -2*v + 119. Suppose -5*a + v = -0*a. Calculate the highest common factor of a and 12.
12
Let u be -3*(-3 + 2) - -3. Let z = -588 - -642. What is the greatest common divisor of u and z?
6
Suppose 11*s = 576 + 249. What is the highest common divisor of s and 225?
75
Let n(t) = 4*t**2 + 39*t + 80. Let r be n(-10). Calculate the highest common factor of 324 and r.
18
Let q be 5/35 + 166/14. Calculate the highest common factor of 18 and q.
6
Suppose 3*g + 97 = 2*q, -3*g + 2*g = 5*q - 268. What is the greatest common divisor of q and 477?
53
Suppose -4*h + 345 = h. Let x = h - 62. Calculate the greatest common factor of 2 and x.
1
Let r = -217 - -269. Calculate the highest common divisor of r and 117.
13
Let o = -746 + 1116. What is the highest common factor of 10 and o?
10
Let c = 2079 + -1818. Let a be ((-8)/(-12))/((-4)/(-18)). Suppose v - 116 = -a*v. Calculate the highest common factor of v and c.
29
Let w(p) = -35*p - 518. Let c be w(-26). What is the greatest common factor of 49 and c?
49
Suppose 3*b + b + 2 = -5*d, d - 8 = -5*b. Let p be 5 - b - (-1 + -13). Calculate the greatest common divisor of 85 and p.
17
Suppose 4*j - 545 - 135 = 0. Calculate the greatest common divisor of 34 and j.
34
Let z(s) = s**2 + 7*s. Let b be z(-6). Let g(d) = 2*d**2 + 2*d - 6. Let f be g(b). What is the highest common factor of f and 6?
6
Let n be (21 - 24)*(-1 + 2/(-3)). Calculate the greatest common divisor of n and 65.
5
Let r(w) = w**2 + 4*w - 33. Let c be r(-11). Calculate the greatest common divisor of c and 814.
22
Suppose 3*u - 5*x + 38 = 5*u, -62 = -3*u - 5*x. What is the highest common factor of 88 and u?
8
Let a(g) = g**2 - 12*g - 3. Let i be a(12). Let y be (1 - -13) + (-9)/i. Calculate the greatest common factor of 119 and y.
17
Suppose -30 = 5*r - 5*w, -r + 3*w = -0*w + 16. Let j(v) = -8*v + 2. Let f be j(r). Suppose -3*b = -0*b - 90. Calculate the highest common divisor of f and b.
10
Let x = 611 - 326. Calculate the greatest common factor of 19 and x.
19
Let q be 28 - ((-84)/(-12) + 3). Calculate the highest common divisor of 69 and q.
3
Let f(q) = -q**3 + 2*q**2 + 4*q - 4. Let h be f(4). Let o = 2 + h. Let a = -13 - o. Calculate the highest common divisor of 5 and a.
5
Suppose -4*f + 932 = -5*l, 24*l - 26*l + 448 = 2*f. Calculate the highest common divisor of f and 12.
12
Let f be 31 - (42/9 + 5/15). Calculate the highest common divisor of 117 and f.
13
Let k(w) = w**3 + 4*w**2 - 2*w - 5. Let b be k(-4). Suppose -b*y = 3*y - 42. What is the highest common divisor of 14 and y?
7
Suppose m + 5*x = 142, -5*m + 729 = -3*x - 37. Calculate the greatest common divisor of 19 and m.
19
Let w(m) = -13*m - 43. Let p(h) = 25*h + 87. Let d(s) = -6*p(s) - 11*w(s). Let y be d(-11). What is the greatest common divisor of 28 and y?
28
Let h(u) = -u**2. Let b(q) = q**3 - 5*q**2 - 10*q + 12. Let i(c) = -b(c) - 4*h(c). Let m be i(9). Calculate the highest common divisor of m and 26.
26
Let c(w) = -3*w**2 - 27*w + 4. Let z be c(-9). Suppose 0 = 4*j - 2*o - 334, -z*j + o + 329 = -0*o. What is the greatest common divisor of j and 27?
27
Let y(h) = h**3 - 20*h**2 - 42*h - 29. Let c be y(22). Calculate the greatest common divisor of c and 15.
15
Let g = 196 - -108. Calculate the greatest common divisor of 38 and g.
38
Suppose l - 23 = 2*u, -6*l - 3*u + 87 = -3*l. What is the greatest common divisor of 144 and l?
9
Suppose 4*f + 5 = 13. Suppose -f*m + 64 - 62 = 0. Let r = -5 - -8. Calculate the highest common factor of m and r.
1
Suppose 4*o - 17 = 55. Let h be (4*-1)/((-8)/12). Calculate the greatest common factor of o and h.
6
Suppose 129*z = 91*z + 38. Calculate the greatest common divisor of z and 224.
1
Let i be (1 - 0)/1 + -5. Let t be i/8 + (-58)/(-4). Suppose -c = -3*c + t. What is the greatest common factor of 42 and c?
7
Suppose 4*a + 106 = 574. Suppose a = b + 2*b. Suppose 2*c - 61 = 3*x, -2*x + 124 = 3*c + 2*c. Calculate the highest common divisor of c and b.
13
Let y be 48/(-168) + (-284)/42*-3. What is the highest common factor of y and 152?
4
Suppose 0 = 4*c - 3*s - 204, -10*s - 236 = -5*c - 11*s. Calculate the greatest common factor of 216 and c.
24
Suppose 3*k = -4*p + 266, 11*p - 10*p = 2*k - 181. What is the highest common factor of k and 20?
10
Let g be 30/20*168/9. Let z be (-32)/6*3/(-2). Calculate the greatest common factor of g and z.
4
Let g = 5 + 2. Suppose -x + 16 = j, -3*x + 4*j = -53 - 30. Calculate the highest common divisor of g and x.
7
Suppose 0*o = -5*o. Let t be 29/(-58)*(-3 - (-1 - -2)). Suppose o*v = -3*h + 2*v + 81, t*h + 3*v - 54 = 0. What is the highest common factor of h and 162?
27
Let b = 32 - 32. Suppose b*p + 175 = p. What is the highest common divisor of 25 and p?
25
Suppose 0 = -n + 3 + 1. Let p(t) = t**2 + t. Let i(a) = -6*a - 16. Let j(w) = i(w) + p(w). Let x be j(9). Calculate the greatest common factor of n and x.
4
Let k(r) = -21*r + 115. Let o be k(0). Calculate the greatest common factor of 276 and o.
23
Suppose 6*z = 4412 - 716. Calculate the highest common divisor of z and 176.
88
Let w be (104/(-4) + -2)/(2/(-4)). What is the highest common divisor of w and 1372?
28
Let o be 6/(-33) + (-21184)/(-352). Let u(s) = -14*s + 1. Let h = 1 - 2. Let w be u(h). What is the greatest common divisor of w and o?
15
Let d = 130 + -121. Let h = -216 + 315. What is the highest common divisor of h and d?
9
Let l(z) = -11*z - 63. Let u be l(-6). Let h be 5 + 22 + (-1 - u). What is the highest common factor of 69 and h?
23
Let i = -1570 - -1642. Let j be 2*3*-4*-2. What is the highest common factor of j and i?
24
Suppose 0 = 3*g - 34 + 1. Let z be ((-5)/20)/((-3)/24). Suppose 0 = 2*m - x - 45, -z*m = -m + x - 21. What is the greatest common factor of g and m?
11
Suppose 20*f = -4*f + 288. What is the greatest common divisor of 192 and f?
12
Let f(g) = 2*g**3 - 6*g**2 - 49*g - 7. Let i be f(7). Calculate the greatest common divisor of i and 198.
6
Let k be (21/2)/(-5 - 99/(-18)). What is the highest common divisor of k and 15?
3
Let q(l) = -14*l + 240. Let b be q(14). Calculate the greatest common factor of 187 and b.
11
Let m = 322 + -227. Suppose 6*n - 221 = -m. Calculate the highest common factor of 49 and n.
7
Suppose 4*f = 2*n - 3*n + 415, -3*f + n = -320. Calculate the highest common divisor of f and 147.
21
Suppose 8*l + 47 = 239. Let z = 20 + -8. What is the highest common factor of z and l?
12
Let r = 41 + -38. Suppose -b + 2*b + 52 = i, r*b - 6 = 0. Calculate the greatest common factor of i and 81.
27
Suppose 0 = 6*s + 178 - 562. Calculate the highest common divisor of s and 176.
16
Let m be (235/20 + 2)/((-2)/(-8)). Let q be 435/39 + 12/(-78). What is the highest common divisor of m and q?
11
Suppose -9*s + 12*s = 6. Let x(h) = 3*h**3 - 2*h**2 + 2. Let o be x(s). What is the highest common divisor of 9 and o?
9
Let k = 33 + -16. Suppose a -